{"id":4083,"date":"2015-06-16T12:22:56","date_gmt":"2015-06-16T10:22:56","guid":{"rendered":"https:\/\/itw-technik.de\/?page_id=4083"},"modified":"2021-02-25T08:42:14","modified_gmt":"2021-02-25T07:42:14","slug":"imprimer","status":"publish","type":"page","link":"https:\/\/itw-technik.de\/fr\/imprimer\/","title":{"rendered":"Imprimer"},"content":{"rendered":"<div id=\"pl-4083\"  class=\"panel-layout\" ><div id=\"pg-4083-0\"  class=\"panel-grid panel-no-style\" ><div id=\"pgc-4083-0-0\"  class=\"panel-grid-cell\" ><div id=\"panel-4083-0-0-0\" class=\"so-panel widget widget_sow-editor panel-first-child panel-last-child\" data-index=\"0\" ><div\n\t\t\t\n\t\t\tclass=\"so-widget-sow-editor so-widget-sow-editor-base\"\n\t\t\t\n\t\t>\n<div class=\"siteorigin-widget-tinymce textwidget\">\n\t<h1>Imprimer<\/h1>\n<h3>Informations en vertu de l'article 5<br \/>\nde la loi sur les t\u00e9l\u00e9m\u00e9dias (TMG) :<\/h3>\n<h2>ITW Industrie-Technik Werth GmbH<\/h2>\n<p>Brachtstra\u00dfe 20<br \/>\nDE-63633 Birstein<br \/>\nT\u00e9l\u00e9phone : +49 6054 909000<br \/>\nFax : +49 6054 909009<br \/>\nE-mail : info@itw-technik.de<br \/>\nInternet : <a href=\"https:\/\/itw-technik.de\">www.itw-technik.de<\/a><\/p>\n<h3>G\u00e9rants ayant un droit de repr\u00e9sentation<\/h3>\n<p>Stephan Werth, Sascha Eckert (adresses ci-dessous)<\/p>\n<h3>Responsabilit\u00e9 envers le contenu en vertu de l'article 55, alin\u00e9a 2 de la RSfV<\/h3>\n<p>Stephan Werth (adresse ci-dessous)<\/p>\n<h3>Num\u00e9ro d'identification fiscale en vertu de l'article 27a de la loi sur l'imp\u00f4t sur le chiffre d'affaires<\/h3>\n<p>TVA Intracom : DE 812894018<\/p>\n<h3>Tribunal d'enregistrement<\/h3>\n<p>Tribunal d'arrondissement de Hanau Num\u00e9ro d'enregistrement : HRB 12906<\/p>\n<h3>Informations en vertu de l'article 36, alin\u00e9a 1 de la loi sur le r\u00e8glement des litiges de consommation (VSBG)<\/h3>\n<p>Autorit\u00e9 d'arbitrage g\u00e9n\u00e9rale en termes de consommation du centre de r\u00e8glement des litiges e.V. Stra\u00dfburger Stra\u00dfe 8 77694 Kehl am Rhein Par la pr\u00e9sente, nous d\u00e9clarons cependant que nous ne sommes ni pr\u00eats ni oblig\u00e9s de prendre part au processus de r\u00e8glement des litiges.<\/p>\n<h3>Informations juridiques<\/h3>\n<p>Les produits et\/ou noms de produits qui apparaissent sur notre site Internet sont habituellement des marques d\u00e9pos\u00e9es et en tant que telles, elles sont r\u00e9gies par la l\u00e9gislation en vigueur. La mention, m\u00eame non-explicite, de ces marques d\u00e9pos\u00e9es ne permet en rien de tirer des conclusions sur leur libre disponibilit\u00e9.<\/p>\n<h3>Droits d'auteur<\/h3>\n<p>Tous les droits d'auteur et autres droits portant sur l'int\u00e9gralit\u00e9 des textes, photographies et graphismes appartiennent \u2013 sauf indication contraire \u2013 \u00e0 la soci\u00e9t\u00e9 ITW Industrie-Technik Werth GmbH. Tout traitement des images, graphismes, textes ou citations de textes de la pr\u00e9sente offre sans avoir re\u00e7u d'accord pr\u00e9alable\/sans contrat est interdit et repr\u00e9sente une violation des droits d'auteur. Toute utilisation des images, graphismes, textes de la pr\u00e9sente offre sur le site Internet ou toute publication de quelque type que ce soit (que ce soit sur des supports digitaux ou analogiques, sur l'Internet ou dans des produits imprim\u00e9s \u2013 toute r\u00e9impression, publication ou reproduction dans des m\u00e9dias en ligne ou autre \u2013 m\u00eame sous une forme raccourcie) ne sera autoris\u00e9e qu'avec le consentement \u00e9crit de la soci\u00e9t\u00e9 ITW Industrie-Technik Werth GmbH.<\/p>\n<h3>Protection des donn\u00e9es<\/h3>\n<p>La soci\u00e9t\u00e9 ITW Industrie-Technik Werth GmbH est heureuse que vous ayez consult\u00e9 son site Internet et que vous soyez int\u00e9ress\u00e9s par la soci\u00e9t\u00e9 et ses produits. Nous prenons la protection des donn\u00e9es tr\u00e8s au s\u00e9rieux et nous serions heureux que vous vous sentiez parfaitement \u00e0 l'aise tout au long de votre visite de notre site Internet. Vous trouverez de plus amples informations dans notre <a href=\"\/fr\/declaration-relative-a-la-protection-des-donnees\/\">D\u00e9claration relative \u00e0 la protection des donn\u00e9es<\/a>.<\/p>\n<p>Responsable de la r\u00e9alisation: <a href=\"https:\/\/flexible-web.solutions\" target=\"_blank\" rel=\"noopener\">Flexible Web Solutions<\/a><\/p>\n<\/div>\n<\/div><\/div><\/div><div id=\"pgc-4083-0-1\"  class=\"panel-grid-cell\" ><div id=\"panel-4083-0-1-0\" class=\"so-panel widget widget_sow-editor panel-first-child panel-last-child\" data-index=\"1\" ><div\n\t\t\t\n\t\t\tclass=\"so-widget-sow-editor so-widget-sow-editor-base\"\n\t\t\t\n\t\t>\n<div class=\"siteorigin-widget-tinymce textwidget\">\n\t<p>&nbsp;<br \/>\n<img decoding=\"async\" class=\"alignnone size-medium wp-image-3656\" src=\"https:\/\/itw-technik.de\/wp-content\/uploads\/itw-logo-grey-blue-1000px.svg\" alt=\"Logo ITW Industrie-Technik Werth GmbH\" \/><\/p>\n<\/div>\n<\/div><\/div><\/div><\/div><\/div>","protected":false},"excerpt":{"rendered":"<p>Imprimer Informations en vertu de l&rsquo;article 5 de la loi sur les t\u00e9l\u00e9m\u00e9dias (TMG) : ITW Industrie-Technik Werth GmbH Brachtstra\u00dfe 20 DE-63633 Birstein T\u00e9l\u00e9phone : +49 6054 909000 Fax : +49 6054 909009 E-mail : info@itw-technik.de Internet : www.itw-technik.de G\u00e9rants ayant un droit de repr\u00e9sentation Stephan Werth, Sascha Eckert (adresses ci-dessous) Responsabilit\u00e9 envers le contenu [&hellip;]<\/p>\n","protected":false},"author":1,"featured_media":0,"parent":0,"menu_order":0,"comment_status":"closed","ping_status":"closed","template":"","meta":{"footnotes":""},"class_list":["post-4083","page","type-page","status-publish","hentry"],"yoast_head":"<!-- This site is optimized with the Yoast SEO plugin v25.5 - https:\/\/yoast.com\/wordpress\/plugins\/seo\/ -->\n<title>Imprimer - ITW Industrie-Technik Werth GmbH<\/title>\n<meta name=\"robots\" content=\"index, follow, max-snippet:-1, max-image-preview:large, max-video-preview:-1\" \/>\n<link rel=\"canonical\" href=\"https:\/\/itw-technik.de\/fr\/imprimer\/\" \/>\n<meta name=\"twitter:card\" content=\"summary_large_image\" \/>\n<meta name=\"twitter:title\" content=\"Imprimer - ITW Industrie-Technik Werth GmbH\" \/>\n<meta name=\"twitter:description\" content=\"Imprimer Informations en vertu de l&#039;article 5 de la loi sur les t\u00e9l\u00e9m\u00e9dias (TMG) : ITW Industrie-Technik Werth GmbH Brachtstra\u00dfe 20 DE-63633 Birstein T\u00e9l\u00e9phone : +49 6054 909000 Fax : +49 6054 909009 E-mail : info@itw-technik.de Internet : www.itw-technik.de G\u00e9rants ayant un droit de repr\u00e9sentation Stephan Werth, Sascha Eckert (adresses ci-dessous) Responsabilit\u00e9 envers le contenu [&hellip;]\" \/>\n<meta name=\"twitter:image\" content=\"https:\/\/itw-technik.de\/wp-content\/uploads\/itw-logo-grey-blue-1000px.svg\" \/>\n<meta name=\"twitter:label1\" content=\"Dur\u00e9e de lecture estim\u00e9e\" \/>\n\t<meta name=\"twitter:data1\" content=\"2 minutes\" \/>\n<script type=\"application\/ld+json\" class=\"yoast-schema-graph\">{\"@context\":\"https:\/\/schema.org\",\"@graph\":[{\"@type\":\"WebPage\",\"@id\":\"https:\/\/itw-technik.de\/fr\/imprimer\/\",\"url\":\"https:\/\/itw-technik.de\/fr\/imprimer\/\",\"name\":\"Imprimer - ITW Industrie-Technik Werth GmbH\",\"isPartOf\":{\"@id\":\"https:\/\/itw-technik.de\/fr\/#website\"},\"primaryImageOfPage\":{\"@id\":\"https:\/\/itw-technik.de\/fr\/imprimer\/#primaryimage\"},\"image\":{\"@id\":\"https:\/\/itw-technik.de\/fr\/imprimer\/#primaryimage\"},\"thumbnailUrl\":\"https:\/\/itw-technik.de\/wp-content\/uploads\/itw-logo-grey-blue-1000px.svg\",\"datePublished\":\"2015-06-16T10:22:56+00:00\",\"dateModified\":\"2021-02-25T07:42:14+00:00\",\"inLanguage\":\"fr-FR\",\"potentialAction\":[{\"@type\":\"ReadAction\",\"target\":[\"https:\/\/itw-technik.de\/fr\/imprimer\/\"]}]},{\"@type\":\"ImageObject\",\"inLanguage\":\"fr-FR\",\"@id\":\"https:\/\/itw-technik.de\/fr\/imprimer\/#primaryimage\",\"url\":\"https:\/\/itw-technik.de\/wp-content\/uploads\/itw-logo-grey-blue-1000px.svg\",\"contentUrl\":\"https:\/\/itw-technik.de\/wp-content\/uploads\/itw-logo-grey-blue-1000px.svg\"},{\"@type\":\"WebSite\",\"@id\":\"https:\/\/itw-technik.de\/fr\/#website\",\"url\":\"https:\/\/itw-technik.de\/fr\/\",\"name\":\"ITW Industrie-Technik Werth GmbH\",\"description\":\"Industrie Technik Maschinenbau\",\"potentialAction\":[{\"@type\":\"SearchAction\",\"target\":{\"@type\":\"EntryPoint\",\"urlTemplate\":\"https:\/\/itw-technik.de\/fr\/?s={search_term_string}\"},\"query-input\":{\"@type\":\"PropertyValueSpecification\",\"valueRequired\":true,\"valueName\":\"search_term_string\"}}],\"inLanguage\":\"fr-FR\"}]}<\/script>\n<!-- \/ Yoast SEO plugin. -->","yoast_head_json":{"title":"Imprimer - ITW Industrie-Technik Werth GmbH","robots":{"index":"index","follow":"follow","max-snippet":"max-snippet:-1","max-image-preview":"max-image-preview:large","max-video-preview":"max-video-preview:-1"},"canonical":"https:\/\/itw-technik.de\/fr\/imprimer\/","twitter_card":"summary_large_image","twitter_title":"Imprimer - ITW Industrie-Technik Werth GmbH","twitter_description":"Imprimer Informations en vertu de l'article 5 de la loi sur les t\u00e9l\u00e9m\u00e9dias (TMG) : ITW Industrie-Technik Werth GmbH Brachtstra\u00dfe 20 DE-63633 Birstein T\u00e9l\u00e9phone : +49 6054 909000 Fax : +49 6054 909009 E-mail : info@itw-technik.de Internet : www.itw-technik.de G\u00e9rants ayant un droit de repr\u00e9sentation Stephan Werth, Sascha Eckert (adresses ci-dessous) Responsabilit\u00e9 envers le contenu [&hellip;]","twitter_image":"https:\/\/itw-technik.de\/wp-content\/uploads\/itw-logo-grey-blue-1000px.svg","twitter_misc":{"Dur\u00e9e de lecture estim\u00e9e":"2 minutes"},"schema":{"@context":"https:\/\/schema.org","@graph":[{"@type":"WebPage","@id":"https:\/\/itw-technik.de\/fr\/imprimer\/","url":"https:\/\/itw-technik.de\/fr\/imprimer\/","name":"Imprimer - ITW Industrie-Technik Werth GmbH","isPartOf":{"@id":"https:\/\/itw-technik.de\/fr\/#website"},"primaryImageOfPage":{"@id":"https:\/\/itw-technik.de\/fr\/imprimer\/#primaryimage"},"image":{"@id":"https:\/\/itw-technik.de\/fr\/imprimer\/#primaryimage"},"thumbnailUrl":"https:\/\/itw-technik.de\/wp-content\/uploads\/itw-logo-grey-blue-1000px.svg","datePublished":"2015-06-16T10:22:56+00:00","dateModified":"2021-02-25T07:42:14+00:00","inLanguage":"fr-FR","potentialAction":[{"@type":"ReadAction","target":["https:\/\/itw-technik.de\/fr\/imprimer\/"]}]},{"@type":"ImageObject","inLanguage":"fr-FR","@id":"https:\/\/itw-technik.de\/fr\/imprimer\/#primaryimage","url":"https:\/\/itw-technik.de\/wp-content\/uploads\/itw-logo-grey-blue-1000px.svg","contentUrl":"https:\/\/itw-technik.de\/wp-content\/uploads\/itw-logo-grey-blue-1000px.svg"},{"@type":"WebSite","@id":"https:\/\/itw-technik.de\/fr\/#website","url":"https:\/\/itw-technik.de\/fr\/","name":"ITW Industrie-Technik Werth GmbH","description":"Industrie Technik Maschinenbau","potentialAction":[{"@type":"SearchAction","target":{"@type":"EntryPoint","urlTemplate":"https:\/\/itw-technik.de\/fr\/?s={search_term_string}"},"query-input":{"@type":"PropertyValueSpecification","valueRequired":true,"valueName":"search_term_string"}}],"inLanguage":"fr-FR"}]}},"publishpress_future_action":{"enabled":false,"date":"2026-05-08 12:16:22","action":"change-status","newStatus":"draft","terms":[],"taxonomy":"translation_priority","extraData":[]},"publishpress_future_workflow_manual_trigger":{"enabledWorkflows":[]},"_links":{"self":[{"href":"https:\/\/itw-technik.de\/fr\/wp-json\/wp\/v2\/pages\/4083","targetHints":{"allow":["GET"]}}],"collection":[{"href":"https:\/\/itw-technik.de\/fr\/wp-json\/wp\/v2\/pages"}],"about":[{"href":"https:\/\/itw-technik.de\/fr\/wp-json\/wp\/v2\/types\/page"}],"author":[{"embeddable":true,"href":"https:\/\/itw-technik.de\/fr\/wp-json\/wp\/v2\/users\/1"}],"replies":[{"embeddable":true,"href":"https:\/\/itw-technik.de\/fr\/wp-json\/wp\/v2\/comments?post=4083"}],"version-history":[{"count":5,"href":"https:\/\/itw-technik.de\/fr\/wp-json\/wp\/v2\/pages\/4083\/revisions"}],"predecessor-version":[{"id":4095,"href":"https:\/\/itw-technik.de\/fr\/wp-json\/wp\/v2\/pages\/4083\/revisions\/4095"}],"wp:attachment":[{"href":"https:\/\/itw-technik.de\/fr\/wp-json\/wp\/v2\/media?parent=4083"}],"curies":[{"name":"wp","href":"https:\/\/api.w.org\/{rel}","templated":true}]}}

<div id="pl-4083"  class="panel-layout" ><div id="pg-4083-0"  class="panel-grid panel-no-style" ><div id="pgc-4083-0-0"  class="panel-grid-cell" ><div id="panel-4083-0-0-0" class="so-panel widget widget_sow-editor panel-first-child panel-last-child" data-index="0" ><div
			
			class="so-widget-sow-editor so-widget-sow-editor-base"
			
		>
<div class="siteorigin-widget-tinymce textwidget">
	<h1>Imprimer</h1>
<h3>Informations en vertu de l'article 5<br />
de la loi sur les télémédias (TMG) :</h3>
<h2>ITW Industrie-Technik Werth GmbH</h2>
<p>Brachtstraße 20<br />
DE-63633 Birstein<br />
Téléphone : +49 6054 909000<br />
Fax : +49 6054 909009<br />
E-mail : info@itw-technik.de<br />
Internet : <a href="https://itw-technik.de">www.itw-technik.de</a></p>
<h3>Gérants ayant un droit de représentation</h3>
<p>Stephan Werth, Sascha Eckert (adresses ci-dessous)</p>
<h3>Responsabilité envers le contenu en vertu de l'article 55, alinéa 2 de la RSfV</h3>
<p>Stephan Werth (adresse ci-dessous)</p>
<h3>Numéro d'identification fiscale en vertu de l'article 27a de la loi sur l'impôt sur le chiffre d'affaires</h3>
<p>TVA Intracom : DE 812894018</p>
<h3>Tribunal d'enregistrement</h3>
<p>Tribunal d'arrondissement de Hanau Numéro d'enregistrement : HRB 12906</p>
<h3>Informations en vertu de l'article 36, alinéa 1 de la loi sur le règlement des litiges de consommation (VSBG)</h3>
<p>Autorité d'arbitrage générale en termes de consommation du centre de règlement des litiges e.V. Straßburger Straße 8 77694 Kehl am Rhein Par la présente, nous déclarons cependant que nous ne sommes ni prêts ni obligés de prendre part au processus de règlement des litiges.</p>
<h3>Informations juridiques</h3>
<p>Les produits et/ou noms de produits qui apparaissent sur notre site Internet sont habituellement des marques déposées et en tant que telles, elles sont régies par la législation en vigueur. La mention, même non-explicite, de ces marques déposées ne permet en rien de tirer des conclusions sur leur libre disponibilité.</p>
<h3>Droits d'auteur</h3>
<p>Tous les droits d'auteur et autres droits portant sur l'intégralité des textes, photographies et graphismes appartiennent – sauf indication contraire – à la société ITW Industrie-Technik Werth GmbH. Tout traitement des images, graphismes, textes ou citations de textes de la présente offre sans avoir reçu d'accord préalable/sans contrat est interdit et représente une violation des droits d'auteur. Toute utilisation des images, graphismes, textes de la présente offre sur le site Internet ou toute publication de quelque type que ce soit (que ce soit sur des supports digitaux ou analogiques, sur l'Internet ou dans des produits imprimés – toute réimpression, publication ou reproduction dans des médias en ligne ou autre – même sous une forme raccourcie) ne sera autorisée qu'avec le consentement écrit de la société ITW Industrie-Technik Werth GmbH.</p>
<h3>Protection des données</h3>
<p>La société ITW Industrie-Technik Werth GmbH est heureuse que vous ayez consulté son site Internet et que vous soyez intéressés par la société et ses produits. Nous prenons la protection des données très au sérieux et nous serions heureux que vous vous sentiez parfaitement à l'aise tout au long de votre visite de notre site Internet. Vous trouverez de plus amples informations dans notre <a href="/fr/declaration-relative-a-la-protection-des-donnees/">Déclaration relative à la protection des données</a>.</p>
<p>Responsable de la réalisation: <a href="https://flexible-web.solutions" target="_blank" rel="noopener">Flexible Web Solutions</a></p>
</div>
</div></div></div><div id="pgc-4083-0-1"  class="panel-grid-cell" ><div id="panel-4083-0-1-0" class="so-panel widget widget_sow-editor panel-first-child panel-last-child" data-index="1" ><div
			
			class="so-widget-sow-editor so-widget-sow-editor-base"
			
		>
<div class="siteorigin-widget-tinymce textwidget">
	<p>&nbsp;<br />
<img decoding="async" class="alignnone size-medium wp-image-3656" src="https://itw-technik.de/wp-content/uploads/itw-logo-grey-blue-1000px.svg" alt="Logo ITW Industrie-Technik Werth GmbH" /></p>
</div>
</div></div></div></div></div>

<p>Imprimer Informations en vertu de l&rsquo;article 5 de la loi sur les télémédias (TMG) : ITW Industrie-Technik Werth GmbH Brachtstraße 20 DE-63633 Birstein Téléphone : +49 6054 909000 Fax : +49 6054 909009 E-mail : info@itw-technik.de Internet : www.itw-technik.de Gérants ayant un droit de représentation Stephan Werth, Sascha Eckert (adresses ci-dessous) Responsabilité envers le contenu [&hellip;]</p>

<!-- This site is optimized with the Yoast SEO plugin v25.5 - https://yoast.com/wordpress/plugins/seo/ -->
<title>Imprimer - ITW Industrie-Technik Werth GmbH</title>
<meta name="robots" content="index, follow, max-snippet:-1, max-image-preview:large, max-video-preview:-1" />
<link rel="canonical" href="https://itw-technik.de/fr/imprimer/" />
<meta name="twitter:card" content="summary_large_image" />
<meta name="twitter:title" content="Imprimer - ITW Industrie-Technik Werth GmbH" />
<meta name="twitter:description" content="Imprimer Informations en vertu de l&#039;article 5 de la loi sur les télémédias (TMG) : ITW Industrie-Technik Werth GmbH Brachtstraße 20 DE-63633 Birstein Téléphone : +49 6054 909000 Fax : +49 6054 909009 E-mail : info@itw-technik.de Internet : www.itw-technik.de Gérants ayant un droit de représentation Stephan Werth, Sascha Eckert (adresses ci-dessous) Responsabilité envers le contenu [&hellip;]" />
<meta name="twitter:image" content="https://itw-technik.de/wp-content/uploads/itw-logo-grey-blue-1000px.svg" />
<meta name="twitter:label1" content="Durée de lecture estimée" />
	<meta name="twitter:data1" content="2 minutes" />
<script type="application/ld+json" class="yoast-schema-graph">{"@context":"https://schema.org","@graph":[{"@type":"WebPage","@id":"https://itw-technik.de/fr/imprimer/","url":"https://itw-technik.de/fr/imprimer/","name":"Imprimer - ITW Industrie-Technik Werth GmbH","isPartOf":{"@id":"https://itw-technik.de/fr/#website"},"primaryImageOfPage":{"@id":"https://itw-technik.de/fr/imprimer/#primaryimage"},"image":{"@id":"https://itw-technik.de/fr/imprimer/#primaryimage"},"thumbnailUrl":"https://itw-technik.de/wp-content/uploads/itw-logo-grey-blue-1000px.svg","datePublished":"2015-06-16T10:22:56+00:00","dateModified":"2021-02-25T07:42:14+00:00","inLanguage":"fr-FR","potentialAction":[{"@type":"ReadAction","target":["https://itw-technik.de/fr/imprimer/"]}]},{"@type":"ImageObject","inLanguage":"fr-FR","@id":"https://itw-technik.de/fr/imprimer/#primaryimage","url":"https://itw-technik.de/wp-content/uploads/itw-logo-grey-blue-1000px.svg","contentUrl":"https://itw-technik.de/wp-content/uploads/itw-logo-grey-blue-1000px.svg"},{"@type":"WebSite","@id":"https://itw-technik.de/fr/#website","url":"https://itw-technik.de/fr/","name":"ITW Industrie-Technik Werth GmbH","description":"Industrie Technik Maschinenbau","potentialAction":[{"@type":"SearchAction","target":{"@type":"EntryPoint","urlTemplate":"https://itw-technik.de/fr/?s={search_term_string}"},"query-input":{"@type":"PropertyValueSpecification","valueRequired":true,"valueName":"search_term_string"}}],"inLanguage":"fr-FR"}]}</script>
<!-- / Yoast SEO plugin. -->

Imprimer Informations en vertu de l'article 5 de la loi sur les télémédias (TMG) : ITW Industrie-Technik Werth GmbH Brachtstraße 20 DE-63633 Birstein Téléphone : +49 6054 909000 Fax : +49 6054 909009 E-mail : info@itw-technik.de Internet : www.itw-technik.de Gérants ayant un droit de représentation Stephan Werth, Sascha Eckert (adresses ci-dessous) Responsabilité envers le contenu [&hellip;]
